{"id":161,"date":"2019-10-22T11:05:38","date_gmt":"2019-10-22T11:05:38","guid":{"rendered":"https:\/\/lightworxx.com\/?page_id=161"},"modified":"2019-10-22T11:05:38","modified_gmt":"2019-10-22T11:05:38","slug":"service","status":"publish","type":"page","link":"https:\/\/lightworxx.com\/?page_id=161","title":{"rendered":"Service"},"content":{"rendered":"\n<p>Nun findet man hier auf meiner Seite einiges an Bildern und Informationen. Wenn Sie Ideen und Gedanken haben wo und wie man meine Lichtkunst mit diesen Ideen verbinden kann dann z\u00f6gern sie nicht uns schreiben mich an. Wenn Ihnen mein Blickwinkel der Lichtkunstfotografie gef\u00e4llt dann finden wir gemeinsam eine M\u00f6glichkeit ein wenig Licht ins Dunkle zu bringen.<\/p>\n\n\n\n<p>Ein paar Beispiele was sich mit der Lichtkunst machen l\u00e4sst:<\/p>\n\n\n\n<ul><li>Lichtkunstfotos in FirmenWie sich am Beispiel von H\u00e4cker K\u00fcchen oder der Bergh\u00fctte Krainhagen sehen l\u00e4sst. Diese Fotos k\u00f6nnen ganz unterschiedlich ausfallen. Ob reine Illuminationen ohne Lichtkunst-Performances, Produktfotografie, Au\u00dfenaufnahmen oder auch komplexe und gro\u00dfe Lichtkunstbilder. Es gibt viele verschiedene M\u00f6glichkeiten Ihre Firma einfach mal anders zu zeigen.<\/li><li>Lichtkunstfotografie als PortraitfotosOder in skurriler Art und Weise. Die Lichtkunst bietet auch da ganz viele verschiedene Facetten. Ein reines Portraitfoto wirkt aber auch da ganz anders. Viel spannender und interessanter. Es lassen sich sowohl kleine, einfache Bilder performen oder aber auch recht gro\u00dfe und komplexe. Ideen ?? Portraits, Gruppenbilder, Hochzeitsfotos einmal anders. Es gibt hunderte M\u00f6glichkeiten<\/li><li>Die Lichtkunst als Live-PerformanceEs gibt eine M\u00f6glichkeit die Lichtkunstfotografie in der Dunkelheit f\u00fcr das menschliche Auge sichtbar zu machen. Und zwar in Echtzeit, Live. Im Normalfall entsteht das Bild nach und nach in der Kamera und das menschliche Auge sieht \u201enur\u201c wie sich ein Licht in der Dunkelheit bewegt. Die Kamera macht daraus ja erst ein komplettes Bild, denn sie zeichnet jede Lichtspur auf und speichert diese. Um das ganze in Live zu zeigen gibt es eine perfekte M\u00f6glichkeit mit einem Laptop, einem Beamer und einer kleinen Software. Und schon bekommt man Live und in Echtzeit ein Bild gezeigt. Einzige Voraussetzung, es muss die M\u00f6glichkeit bestehen den Raum abzudunkeln.<\/li><li>WorkshopsSelbstverst\u00e4ndlich bin ich gerne bereit mein Erfahrungen und mein Wissen weiterzugeben. Denn oft sind es nur \u201eKleinigkeiten\u201c die man ben\u00f6tigt um in der Dunkelheit ordentliche Fotos machen zu k\u00f6nnen. Dieses l\u00e4sst sich sehr gut in kleinen Workshops weitergeben. Termine daf\u00fcr werden rechtzeitig auf meiner Internetseite bekannt gegeben.<\/li><li>Verkauf von BildernAuch diese M\u00f6glichkeit besteht selbstverst\u00e4ndlich. Wer ein Bild kaufe m\u00f6chte um z.b. seinem Zuhause das gewisse etwas zu verleihen der hat die M\u00f6glichkeit jedes Bild welches sich hier auf meiner Seite befindet k\u00e4uflich zu erwerben. Verschiedene M\u00f6glichkeiten bieten sich da. Fertig gedruckte Bilder auf Leinwand, Plexiglas, Alu Dibond oder als normales Poster. Bitte schreiben Sie mich an und bin mir sicher wir finden das passende Bild f\u00fcr ihr Zuhause.<\/li><\/ul>\n\n\n\n<p>Das ist nur eine kleine Auswahl an M\u00f6glichkeiten wie man Lichtkunstfotografie zeigen kann. Wenn Sie Fragen, Anregungen, Anfragen zu Shootings haben, z\u00f6gern Sie nicht und nutzen Sie die verschiedenen M\u00f6glichkeiten mich zu kontaktieren. Ich bin mir sicher, Sie werden beeindruckt sein.<\/p>\n\n\n\n<p>Nat\u00fcrlich m\u00fcssen ein paar Grundvoraussetzungen f\u00fcr die Lichtkunstfotografie geschaffen werden. Aber diese Besprechen wir am besten pers\u00f6nlich, vor Ort. Somit kann ich ganz gezielt schauen was machbar ist und was nicht.<\/p>\n","protected":false},"excerpt":{"rendered":"<p>Nun findet man hier auf meiner Seite einiges an Bildern und Informationen. Wenn Sie Ideen und Gedanken haben wo und wie man meine Lichtkunst mit diesen Ideen verbinden kann dann [&hellip;]<\/p>\n","protected":false},"author":1,"featured_media":0,"parent":0,"menu_order":0,"comment_status":"closed","ping_status":"closed","template":"","meta":[],"_links":{"self":[{"href":"https:\/\/lightworxx.com\/index.php?rest_route=\/wp\/v2\/pages\/161"}],"collection":[{"href":"https:\/\/lightworxx.com\/index.php?rest_route=\/wp\/v2\/pages"}],"about":[{"href":"https:\/\/lightworxx.com\/index.php?rest_route=\/wp\/v2\/types\/page"}],"author":[{"embeddable":true,"href":"https:\/\/lightworxx.com\/index.php?rest_route=\/wp\/v2\/users\/1"}],"replies":[{"embeddable":true,"href":"https:\/\/lightworxx.com\/index.php?rest_route=%2Fwp%2Fv2%2Fcomments&post=161"}],"version-history":[{"count":1,"href":"https:\/\/lightworxx.com\/index.php?rest_route=\/wp\/v2\/pages\/161\/revisions"}],"predecessor-version":[{"id":162,"href":"https:\/\/lightworxx.com\/index.php?rest_route=\/wp\/v2\/pages\/161\/revisions\/162"}],"wp:attachment":[{"href":"https:\/\/lightworxx.com\/index.php?rest_route=%2Fwp%2Fv2%2Fmedia&parent=161"}],"curies":[{"name":"wp","href":"https:\/\/api.w.org\/{rel}","templated":true}]}}