{"id":165,"date":"2019-10-22T11:06:12","date_gmt":"2019-10-22T11:06:12","guid":{"rendered":"https:\/\/lightworxx.com\/?page_id=165"},"modified":"2019-10-22T11:30:10","modified_gmt":"2019-10-22T11:30:10","slug":"ausstellungen","status":"publish","type":"page","link":"https:\/\/lightworxx.com\/?page_id=165","title":{"rendered":"Ausstellungen"},"content":{"rendered":"\n<p>Lightworxx \u2013 Lichtkunstfotografie in der Stiftskirche Obernkirchen<\/p>\n\n\n\n<p>Am 29.11.2015 hatte ich anl\u00e4sslich des Obernkirchener Adventsmarktes die M\u00f6glichkeit einige meiner Bilder in der Stiftskirche Obernkirchen auszustellen. Ich w\u00e4hlte ganz speziell die Bilder die in den vergangenen Monaten in Obernkirchen entstanden waren.<\/p>\n\n\n\n<p>Der Tag war ein absoluter Erfolg. So viele Menschen kamen, trotzz des absolut widrigen Wetters und wollen sich die Bilder und Videos anschauen. In der einzigartigen Umgebung der Stiftskirche wirkten die Bilder noch eindrucksvoller und interessanter als ich es mir erhofft hatte. Die Bilder wurden in den Gr\u00f6\u00dfen 90\u00d760 cm sowie 80\u00d760 cm auf der Oberfl\u00e4che Alu Dibond gezeigt. Auf einer Leinwand zeigte ich die Videos die passend dazu in den verschiedenen Locations entstanden waren. Ausserdem lief noch die Lightworxx-Diashow. Alle Videos und auch die Diashow ist auch hier auf meiner Seite zu finden im Bereich Motion Picture.<\/p>\n\n\n\n<p>Mein Dank geht ganz besonders an die\u00a0https:\/\/www.kirche-obernkirchen.de\u00a0ohne die diese Ausstellung in diesem wundersch\u00f6nen Rahmen nie h\u00e4tte stattfinden k\u00f6nnen.<\/p>\n","protected":false},"excerpt":{"rendered":"<p>Lightworxx \u2013 Lichtkunstfotografie in der Stiftskirche Obernkirchen Am 29.11.2015 hatte ich anl\u00e4sslich des Obernkirchener Adventsmarktes die M\u00f6glichkeit einige meiner Bilder in der Stiftskirche Obernkirchen auszustellen. Ich w\u00e4hlte ganz speziell die [&hellip;]<\/p>\n","protected":false},"author":1,"featured_media":0,"parent":0,"menu_order":0,"comment_status":"closed","ping_status":"closed","template":"","meta":[],"_links":{"self":[{"href":"https:\/\/lightworxx.com\/index.php?rest_route=\/wp\/v2\/pages\/165"}],"collection":[{"href":"https:\/\/lightworxx.com\/index.php?rest_route=\/wp\/v2\/pages"}],"about":[{"href":"https:\/\/lightworxx.com\/index.php?rest_route=\/wp\/v2\/types\/page"}],"author":[{"embeddable":true,"href":"https:\/\/lightworxx.com\/index.php?rest_route=\/wp\/v2\/users\/1"}],"replies":[{"embeddable":true,"href":"https:\/\/lightworxx.com\/index.php?rest_route=%2Fwp%2Fv2%2Fcomments&post=165"}],"version-history":[{"count":3,"href":"https:\/\/lightworxx.com\/index.php?rest_route=\/wp\/v2\/pages\/165\/revisions"}],"predecessor-version":[{"id":195,"href":"https:\/\/lightworxx.com\/index.php?rest_route=\/wp\/v2\/pages\/165\/revisions\/195"}],"wp:attachment":[{"href":"https:\/\/lightworxx.com\/index.php?rest_route=%2Fwp%2Fv2%2Fmedia&parent=165"}],"curies":[{"name":"wp","href":"https:\/\/api.w.org\/{rel}","templated":true}]}}